{"id":6007,"date":"2022-08-20T21:59:09","date_gmt":"2022-08-20T19:59:09","guid":{"rendered":"https:\/\/www.peterfasching.com\/wordpress\/?post_type=product&#038;p=6007"},"modified":"2024-07-31T09:51:18","modified_gmt":"2024-07-31T07:51:18","slug":"motorrad-fotoshooting-2022","status":"publish","type":"product","link":"https:\/\/www.peterfasching.com\/wordpress\/produkt\/motorrad-fotoshooting-2022\/","title":{"rendered":"Motorrad Fotoshooting 2024"},"content":{"rendered":"<p>Mach deinen Liebling zum Kunstwerk!<\/p>\n<p>Bei diesem Shooting setzen wir dein Bike in das beste Licht:<br \/>\nDurch besondere Licht- und Schatteneffekte, zaubern wir dir ein Bild, wie aus einer Werbung &#8211; allerdings mit deiner Maschine!<\/p>\n<p><strong>Ablauf und Infos zum Shooting<\/strong><\/p>\n<p>Du solltest dein Bike auf jeden Fall vorher noch reinigen, da am Fotos viele Details zum Vorschein kommen. Kratzer, kleinere &#8222;Sch\u00f6nheitsfehler&#8220; k\u00f6nnen wir in der Retusche korrigieren, nicht aber Staub und Schmutz.<\/p>\n<p>Vor Ort setzen wir dein Bike in Szene und machen verschiedene Setups, damit du eine Auswahl aus verschiedenen Perpektiven hast. Nat\u00fcrlich sprechen wir uns vorher ab, in welche Richtung es gehen soll bzw. was dir besser gef\u00e4llt.<\/p>\n<p>&nbsp;<\/p>\n<p>FAQs<\/p>\n<p><strong>Darf ich auch aufs Foto?<\/strong><br \/>\nNat\u00fcrlich k\u00f6nnen wir dich gerne mit dem Bike ablichten, das eigentliche Augenmerk liegt aber am Bike und auch das Licht wird dahingehend vorbereitet. Es wird noch eigene Action- und Posingshootings mit dem Fahrer bzw. der Fahrerin geben \ud83d\ude42<\/p>\n<p><strong>Bekomme ich alle Fotos?<\/strong><br \/>\nDas geht leider nicht, weil wir dir ja ein perfektes Bild liefern m\u00f6chten. Das bedeutet, wir sitzen da gut 1-2 Stunden an der Retusche und perfektionieren es. Du bekommst aber eine gro\u00dfe Auswahl der entstandenen Bilder und kannst selbst w\u00e4hlen, welches Bild bzw. welche Bilder du haben m\u00f6chtest und auch auf welchem Material (nur als Datei, auf Glas oder einer edlen Metallplatte?)<\/p>\n<p>&nbsp;<\/p>\n<p><strong>Wichtige Informationen:<\/strong><\/p>\n<ul>\n<li>Bei Schlechtwetter werden Ersatztermine bekannt gegeben<\/li>\n<\/ul>\n<p>&nbsp;<\/p>\n<h4><b>Information zum Shooting:<\/b><\/h4>\n<ul>\n<li>Shootingort: Studioparklpatz (Outdoor) &#8211; Johannes-Gutenberg-Stra\u00dfe 5, 2700 Wiener Neustadt<\/li>\n<li>1 Foto Highend bearbeitet als 20x30cm Ausdruck (und die dazugeh\u00f6rige Datei) inklusive<\/li>\n<li>Shootingdauer ca. 1 Stunde<\/li>\n<li>inkl. privater Nutzungsrechte<\/li>\n<li>Anmeldung erforderlich, da nur begrenzt Pl\u00e4tze zur Verf\u00fcgung stehen<\/li>\n<\/ul>\n<p>&nbsp;<\/p>\n<p>&nbsp;<\/p>\n<p>&nbsp;<\/p>\n","protected":false},"excerpt":{"rendered":"<p>F\u00fcr alle Motorradliebhaber!<\/p>\n","protected":false},"featured_media":6010,"comment_status":"open","ping_status":"closed","template":"","meta":[],"product_brand":[],"product_cat":[156],"product_tag":[],"class_list":{"0":"post-6007","1":"product","2":"type-product","3":"status-publish","4":"has-post-thumbnail","6":"product_cat-specials","8":"first","9":"instock","10":"sale","11":"virtual","12":"taxable","13":"purchasable","14":"product-type-appointment"},"exclude_global_add_ons":[],"addons":[],"yoast_head":"<!-- This site is optimized with the Yoast SEO plugin v27.1.1 - https:\/\/yoast.com\/product\/yoast-seo-wordpress\/ -->\n<title>Motorrad Fotoshooting 2024 - Peter Fasching Photography<\/title>\n<meta name=\"robots\" content=\"index, follow, max-snippet:-1, max-image-preview:large, max-video-preview:-1\" \/>\n<link rel=\"canonical\" href=\"https:\/\/www.peterfasching.com\/wordpress\/produkt\/motorrad-fotoshooting-2022\/\" \/>\n<meta property=\"og:locale\" content=\"de_DE\" \/>\n<meta property=\"og:type\" content=\"article\" \/>\n<meta property=\"og:title\" content=\"Motorrad Fotoshooting 2024 - Peter Fasching Photography\" \/>\n<meta property=\"og:description\" content=\"F\u00fcr alle Motorradliebhaber!\" \/>\n<meta property=\"og:url\" content=\"https:\/\/www.peterfasching.com\/wordpress\/produkt\/motorrad-fotoshooting-2022\/\" \/>\n<meta property=\"og:site_name\" content=\"Peter Fasching Photography\" \/>\n<meta property=\"article:publisher\" content=\"https:\/\/www.facebook.com\/peterfaschingphotography\/\" \/>\n<meta property=\"article:modified_time\" content=\"2024-07-31T07:51:18+00:00\" \/>\n<meta property=\"og:image\" content=\"https:\/\/www.peterfasching.com\/wordpress\/wp-content\/uploads\/2022\/08\/129A8642-2-scaled.jpg\" \/>\n\t<meta property=\"og:image:width\" content=\"2560\" \/>\n\t<meta property=\"og:image:height\" content=\"1707\" \/>\n\t<meta property=\"og:image:type\" content=\"image\/jpeg\" \/>\n<meta name=\"twitter:card\" content=\"summary_large_image\" \/>\n<meta name=\"twitter:site\" content=\"@Peter_Fasching\" \/>\n<meta name=\"twitter:label1\" content=\"Gesch\u00e4tzte Lesezeit\" \/>\n\t<meta name=\"twitter:data1\" content=\"2\u00a0Minuten\" \/>\n<script type=\"application\/ld+json\" class=\"yoast-schema-graph\">{\"@context\":\"https:\/\/schema.org\",\"@graph\":[{\"@type\":\"WebPage\",\"@id\":\"https:\/\/www.peterfasching.com\/wordpress\/produkt\/motorrad-fotoshooting-2022\/\",\"url\":\"https:\/\/www.peterfasching.com\/wordpress\/produkt\/motorrad-fotoshooting-2022\/\",\"name\":\"Motorrad Fotoshooting 2024 - Peter Fasching Photography\",\"isPartOf\":{\"@id\":\"https:\/\/www.peterfasching.com\/wordpress\/#website\"},\"primaryImageOfPage\":{\"@id\":\"https:\/\/www.peterfasching.com\/wordpress\/produkt\/motorrad-fotoshooting-2022\/#primaryimage\"},\"image\":{\"@id\":\"https:\/\/www.peterfasching.com\/wordpress\/produkt\/motorrad-fotoshooting-2022\/#primaryimage\"},\"thumbnailUrl\":\"https:\/\/www.peterfasching.com\/wordpress\/wp-content\/uploads\/2022\/08\/129A8642-2-scaled.jpg\",\"datePublished\":\"2022-08-20T19:59:09+00:00\",\"dateModified\":\"2024-07-31T07:51:18+00:00\",\"breadcrumb\":{\"@id\":\"https:\/\/www.peterfasching.com\/wordpress\/produkt\/motorrad-fotoshooting-2022\/#breadcrumb\"},\"inLanguage\":\"de\",\"potentialAction\":[{\"@type\":\"ReadAction\",\"target\":[\"https:\/\/www.peterfasching.com\/wordpress\/produkt\/motorrad-fotoshooting-2022\/\"]}]},{\"@type\":\"ImageObject\",\"inLanguage\":\"de\",\"@id\":\"https:\/\/www.peterfasching.com\/wordpress\/produkt\/motorrad-fotoshooting-2022\/#primaryimage\",\"url\":\"https:\/\/www.peterfasching.com\/wordpress\/wp-content\/uploads\/2022\/08\/129A8642-2-scaled.jpg\",\"contentUrl\":\"https:\/\/www.peterfasching.com\/wordpress\/wp-content\/uploads\/2022\/08\/129A8642-2-scaled.jpg\",\"width\":2560,\"height\":1707},{\"@type\":\"BreadcrumbList\",\"@id\":\"https:\/\/www.peterfasching.com\/wordpress\/produkt\/motorrad-fotoshooting-2022\/#breadcrumb\",\"itemListElement\":[{\"@type\":\"ListItem\",\"position\":1,\"name\":\"Startseite\",\"item\":\"https:\/\/www.peterfasching.com\/wordpress\/\"},{\"@type\":\"ListItem\",\"position\":2,\"name\":\"Shop\",\"item\":\"https:\/\/www.peterfasching.com\/wordpress\/shop\/\"},{\"@type\":\"ListItem\",\"position\":3,\"name\":\"Motorrad Fotoshooting 2024\"}]},{\"@type\":\"WebSite\",\"@id\":\"https:\/\/www.peterfasching.com\/wordpress\/#website\",\"url\":\"https:\/\/www.peterfasching.com\/wordpress\/\",\"name\":\"Peter Fasching Photography\",\"description\":\"More than photography. We create memories.\",\"publisher\":{\"@id\":\"https:\/\/www.peterfasching.com\/wordpress\/#organization\"},\"potentialAction\":[{\"@type\":\"SearchAction\",\"target\":{\"@type\":\"EntryPoint\",\"urlTemplate\":\"https:\/\/www.peterfasching.com\/wordpress\/?s={search_term_string}\"},\"query-input\":{\"@type\":\"PropertyValueSpecification\",\"valueRequired\":true,\"valueName\":\"search_term_string\"}}],\"inLanguage\":\"de\"},{\"@type\":\"Organization\",\"@id\":\"https:\/\/www.peterfasching.com\/wordpress\/#organization\",\"name\":\"Peter Fasching Photography\",\"url\":\"https:\/\/www.peterfasching.com\/wordpress\/\",\"logo\":{\"@type\":\"ImageObject\",\"inLanguage\":\"de\",\"@id\":\"https:\/\/www.peterfasching.com\/wordpress\/#\/schema\/logo\/image\/\",\"url\":\"https:\/\/www.peterfasching.com\/wordpress\/wp-content\/uploads\/2017\/06\/logo-mit-gesicht-Kopie-Kopie.png\",\"contentUrl\":\"https:\/\/www.peterfasching.com\/wordpress\/wp-content\/uploads\/2017\/06\/logo-mit-gesicht-Kopie-Kopie.png\",\"width\":367,\"height\":367,\"caption\":\"Peter Fasching Photography\"},\"image\":{\"@id\":\"https:\/\/www.peterfasching.com\/wordpress\/#\/schema\/logo\/image\/\"},\"sameAs\":[\"https:\/\/www.facebook.com\/peterfaschingphotography\/\",\"https:\/\/x.com\/Peter_Fasching\",\"https:\/\/www.instagram.com\/peter.fasching_photography\/\",\"https:\/\/www.youtube.com\/channel\/UCNoJYd82Kvlk7T1ivttbXrA\"]}]}<\/script>\n<!-- \/ Yoast SEO plugin. -->","yoast_head_json":{"title":"Motorrad Fotoshooting 2024 - Peter Fasching Photography","robots":{"index":"index","follow":"follow","max-snippet":"max-snippet:-1","max-image-preview":"max-image-preview:large","max-video-preview":"max-video-preview:-1"},"canonical":"https:\/\/www.peterfasching.com\/wordpress\/produkt\/motorrad-fotoshooting-2022\/","og_locale":"de_DE","og_type":"article","og_title":"Motorrad Fotoshooting 2024 - Peter Fasching Photography","og_description":"F\u00fcr alle Motorradliebhaber!","og_url":"https:\/\/www.peterfasching.com\/wordpress\/produkt\/motorrad-fotoshooting-2022\/","og_site_name":"Peter Fasching Photography","article_publisher":"https:\/\/www.facebook.com\/peterfaschingphotography\/","article_modified_time":"2024-07-31T07:51:18+00:00","og_image":[{"width":2560,"height":1707,"url":"https:\/\/www.peterfasching.com\/wordpress\/wp-content\/uploads\/2022\/08\/129A8642-2-scaled.jpg","type":"image\/jpeg"}],"twitter_card":"summary_large_image","twitter_site":"@Peter_Fasching","twitter_misc":{"Gesch\u00e4tzte Lesezeit":"2\u00a0Minuten"},"schema":{"@context":"https:\/\/schema.org","@graph":[{"@type":"WebPage","@id":"https:\/\/www.peterfasching.com\/wordpress\/produkt\/motorrad-fotoshooting-2022\/","url":"https:\/\/www.peterfasching.com\/wordpress\/produkt\/motorrad-fotoshooting-2022\/","name":"Motorrad Fotoshooting 2024 - Peter Fasching Photography","isPartOf":{"@id":"https:\/\/www.peterfasching.com\/wordpress\/#website"},"primaryImageOfPage":{"@id":"https:\/\/www.peterfasching.com\/wordpress\/produkt\/motorrad-fotoshooting-2022\/#primaryimage"},"image":{"@id":"https:\/\/www.peterfasching.com\/wordpress\/produkt\/motorrad-fotoshooting-2022\/#primaryimage"},"thumbnailUrl":"https:\/\/www.peterfasching.com\/wordpress\/wp-content\/uploads\/2022\/08\/129A8642-2-scaled.jpg","datePublished":"2022-08-20T19:59:09+00:00","dateModified":"2024-07-31T07:51:18+00:00","breadcrumb":{"@id":"https:\/\/www.peterfasching.com\/wordpress\/produkt\/motorrad-fotoshooting-2022\/#breadcrumb"},"inLanguage":"de","potentialAction":[{"@type":"ReadAction","target":["https:\/\/www.peterfasching.com\/wordpress\/produkt\/motorrad-fotoshooting-2022\/"]}]},{"@type":"ImageObject","inLanguage":"de","@id":"https:\/\/www.peterfasching.com\/wordpress\/produkt\/motorrad-fotoshooting-2022\/#primaryimage","url":"https:\/\/www.peterfasching.com\/wordpress\/wp-content\/uploads\/2022\/08\/129A8642-2-scaled.jpg","contentUrl":"https:\/\/www.peterfasching.com\/wordpress\/wp-content\/uploads\/2022\/08\/129A8642-2-scaled.jpg","width":2560,"height":1707},{"@type":"BreadcrumbList","@id":"https:\/\/www.peterfasching.com\/wordpress\/produkt\/motorrad-fotoshooting-2022\/#breadcrumb","itemListElement":[{"@type":"ListItem","position":1,"name":"Startseite","item":"https:\/\/www.peterfasching.com\/wordpress\/"},{"@type":"ListItem","position":2,"name":"Shop","item":"https:\/\/www.peterfasching.com\/wordpress\/shop\/"},{"@type":"ListItem","position":3,"name":"Motorrad Fotoshooting 2024"}]},{"@type":"WebSite","@id":"https:\/\/www.peterfasching.com\/wordpress\/#website","url":"https:\/\/www.peterfasching.com\/wordpress\/","name":"Peter Fasching Photography","description":"More than photography. We create memories.","publisher":{"@id":"https:\/\/www.peterfasching.com\/wordpress\/#organization"},"potentialAction":[{"@type":"SearchAction","target":{"@type":"EntryPoint","urlTemplate":"https:\/\/www.peterfasching.com\/wordpress\/?s={search_term_string}"},"query-input":{"@type":"PropertyValueSpecification","valueRequired":true,"valueName":"search_term_string"}}],"inLanguage":"de"},{"@type":"Organization","@id":"https:\/\/www.peterfasching.com\/wordpress\/#organization","name":"Peter Fasching Photography","url":"https:\/\/www.peterfasching.com\/wordpress\/","logo":{"@type":"ImageObject","inLanguage":"de","@id":"https:\/\/www.peterfasching.com\/wordpress\/#\/schema\/logo\/image\/","url":"https:\/\/www.peterfasching.com\/wordpress\/wp-content\/uploads\/2017\/06\/logo-mit-gesicht-Kopie-Kopie.png","contentUrl":"https:\/\/www.peterfasching.com\/wordpress\/wp-content\/uploads\/2017\/06\/logo-mit-gesicht-Kopie-Kopie.png","width":367,"height":367,"caption":"Peter Fasching Photography"},"image":{"@id":"https:\/\/www.peterfasching.com\/wordpress\/#\/schema\/logo\/image\/"},"sameAs":["https:\/\/www.facebook.com\/peterfaschingphotography\/","https:\/\/x.com\/Peter_Fasching","https:\/\/www.instagram.com\/peter.fasching_photography\/","https:\/\/www.youtube.com\/channel\/UCNoJYd82Kvlk7T1ivttbXrA"]}]}},"_links":{"self":[{"href":"https:\/\/www.peterfasching.com\/wordpress\/wp-json\/wp\/v2\/product\/6007","targetHints":{"allow":["GET"]}}],"collection":[{"href":"https:\/\/www.peterfasching.com\/wordpress\/wp-json\/wp\/v2\/product"}],"about":[{"href":"https:\/\/www.peterfasching.com\/wordpress\/wp-json\/wp\/v2\/types\/product"}],"replies":[{"embeddable":true,"href":"https:\/\/www.peterfasching.com\/wordpress\/wp-json\/wp\/v2\/comments?post=6007"}],"wp:featuredmedia":[{"embeddable":true,"href":"https:\/\/www.peterfasching.com\/wordpress\/wp-json\/wp\/v2\/media\/6010"}],"wp:attachment":[{"href":"https:\/\/www.peterfasching.com\/wordpress\/wp-json\/wp\/v2\/media?parent=6007"}],"wp:term":[{"taxonomy":"product_brand","embeddable":true,"href":"https:\/\/www.peterfasching.com\/wordpress\/wp-json\/wp\/v2\/product_brand?post=6007"},{"taxonomy":"product_cat","embeddable":true,"href":"https:\/\/www.peterfasching.com\/wordpress\/wp-json\/wp\/v2\/product_cat?post=6007"},{"taxonomy":"product_tag","embeddable":true,"href":"https:\/\/www.peterfasching.com\/wordpress\/wp-json\/wp\/v2\/product_tag?post=6007"}],"curies":[{"name":"wp","href":"https:\/\/api.w.org\/{rel}","templated":true}]}}