{"id":5337,"date":"2019-07-02T14:40:08","date_gmt":"2019-07-02T12:40:08","guid":{"rendered":"https:\/\/www.peterfasching.com\/wordpress\/?page_id=5337"},"modified":"2019-07-02T15:14:49","modified_gmt":"2019-07-02T13:14:49","slug":"bewerbungsfotos","status":"publish","type":"page","link":"https:\/\/www.peterfasching.com\/wordpress\/bewerbungsfotos\/","title":{"rendered":"Bewerbungsfotos"},"content":{"rendered":"\n<div class=\"wp-block-image\"><figure class=\"alignright\"><img loading=\"lazy\" decoding=\"async\" width=\"184\" height=\"276\" src=\"https:\/\/www.peterfasching.com\/wordpress\/wp-content\/uploads\/2019\/07\/H06A3144-als-Smartobjekt-1.jpg\" alt=\"\" class=\"wp-image-5339\"\/><\/figure><\/div>\n\n\n\n<p>Bewerbungsfotos sind essentiell bei der Vorstellung bei einem Unternehmen.<br><br>Firmen legen viel Wert auf den ersten Eindruck und dazu geh\u00f6rt eine ordentliche Bewerbungsmappe mit Aussagekr\u00e4ftigen Fotos.<br><br>Oftmals untersch\u00e4tzt, kommt es beim Bewerbungsfoto auf viele Kleinigkeiten an. Um nur ein Beispiel zu nennen: Der Aufnahmewinkel.<\/p>\n\n\n\n<p>Fotografiert man von zu weit unten, wirkt die abgebildete Person sehr dominant &#8211; eine passende Pose f\u00fcr eine Anstellung als Gesch\u00e4ftsf\u00fchrer, weniger aber f\u00fcr zB einen Junior Produktmanager.<\/p>\n\n\n\n<p>Auch der Hintergrund, der Gesichtsausdruck, die Pose und vieles mehr spielen eine wichtige Rolle.<\/p>\n\n\n\n<p>Hier ein paar Beispiele.<br><\/p>\n\n\n\n<ul class=\"wp-block-gallery columns-3 is-cropped wp-block-gallery-1 is-layout-flex wp-block-gallery-is-layout-flex\"><li class=\"blocks-gallery-item\"><figure><img loading=\"lazy\" decoding=\"async\" width=\"683\" height=\"1024\" src=\"https:\/\/www.peterfasching.com\/wordpress\/wp-content\/uploads\/2019\/07\/H06A3154-als-Smartobjekt-1-683x1024.jpg\" alt=\"\" data-id=\"5350\" data-link=\"https:\/\/www.peterfasching.com\/wordpress\/bewerbungsfotos\/h06a3154-als-smartobjekt-1\/\" class=\"wp-image-5350\" srcset=\"https:\/\/www.peterfasching.com\/wordpress\/wp-content\/uploads\/2019\/07\/H06A3154-als-Smartobjekt-1-683x1024.jpg 683w, https:\/\/www.peterfasching.com\/wordpress\/wp-content\/uploads\/2019\/07\/H06A3154-als-Smartobjekt-1-200x300.jpg 200w, https:\/\/www.peterfasching.com\/wordpress\/wp-content\/uploads\/2019\/07\/H06A3154-als-Smartobjekt-1-768x1152.jpg 768w, https:\/\/www.peterfasching.com\/wordpress\/wp-content\/uploads\/2019\/07\/H06A3154-als-Smartobjekt-1-600x900.jpg 600w\" sizes=\"auto, (max-width: 683px) 100vw, 683px\" \/><\/figure><\/li><li class=\"blocks-gallery-item\"><figure><img loading=\"lazy\" decoding=\"async\" width=\"683\" height=\"1024\" src=\"https:\/\/www.peterfasching.com\/wordpress\/wp-content\/uploads\/2019\/07\/H06A8340-als-Smartobjekt-1-1-683x1024.jpg\" alt=\"\" data-id=\"5351\" data-link=\"https:\/\/www.peterfasching.com\/wordpress\/bewerbungsfotos\/h06a8340-als-smartobjekt-1-1\/\" class=\"wp-image-5351\" srcset=\"https:\/\/www.peterfasching.com\/wordpress\/wp-content\/uploads\/2019\/07\/H06A8340-als-Smartobjekt-1-1-683x1024.jpg 683w, https:\/\/www.peterfasching.com\/wordpress\/wp-content\/uploads\/2019\/07\/H06A8340-als-Smartobjekt-1-1-200x300.jpg 200w, https:\/\/www.peterfasching.com\/wordpress\/wp-content\/uploads\/2019\/07\/H06A8340-als-Smartobjekt-1-1-768x1152.jpg 768w, https:\/\/www.peterfasching.com\/wordpress\/wp-content\/uploads\/2019\/07\/H06A8340-als-Smartobjekt-1-1-600x900.jpg 600w, https:\/\/www.peterfasching.com\/wordpress\/wp-content\/uploads\/2019\/07\/H06A8340-als-Smartobjekt-1-1.jpg 1889w\" sizes=\"auto, (max-width: 683px) 100vw, 683px\" \/><\/figure><\/li><li class=\"blocks-gallery-item\"><figure><img loading=\"lazy\" decoding=\"async\" width=\"683\" height=\"1024\" src=\"https:\/\/www.peterfasching.com\/wordpress\/wp-content\/uploads\/2019\/07\/H06A8394-als-Smartobjekt-1-1-683x1024.jpg\" alt=\"\" data-id=\"5352\" data-link=\"https:\/\/www.peterfasching.com\/wordpress\/bewerbungsfotos\/h06a8394-als-smartobjekt-1-1\/\" class=\"wp-image-5352\" srcset=\"https:\/\/www.peterfasching.com\/wordpress\/wp-content\/uploads\/2019\/07\/H06A8394-als-Smartobjekt-1-1-683x1024.jpg 683w, https:\/\/www.peterfasching.com\/wordpress\/wp-content\/uploads\/2019\/07\/H06A8394-als-Smartobjekt-1-1-200x300.jpg 200w, https:\/\/www.peterfasching.com\/wordpress\/wp-content\/uploads\/2019\/07\/H06A8394-als-Smartobjekt-1-1-768x1152.jpg 768w, https:\/\/www.peterfasching.com\/wordpress\/wp-content\/uploads\/2019\/07\/H06A8394-als-Smartobjekt-1-1-600x900.jpg 600w, https:\/\/www.peterfasching.com\/wordpress\/wp-content\/uploads\/2019\/07\/H06A8394-als-Smartobjekt-1-1.jpg 1639w\" sizes=\"auto, (max-width: 683px) 100vw, 683px\" \/><\/figure><\/li><li class=\"blocks-gallery-item\"><figure><img loading=\"lazy\" decoding=\"async\" width=\"683\" height=\"1024\" src=\"https:\/\/www.peterfasching.com\/wordpress\/wp-content\/uploads\/2019\/07\/H06A8458-als-Smartobjekt-1-1-683x1024.jpg\" alt=\"\" data-id=\"5353\" data-link=\"https:\/\/www.peterfasching.com\/wordpress\/bewerbungsfotos\/h06a8458-als-smartobjekt-1-1\/\" class=\"wp-image-5353\" srcset=\"https:\/\/www.peterfasching.com\/wordpress\/wp-content\/uploads\/2019\/07\/H06A8458-als-Smartobjekt-1-1-683x1024.jpg 683w, https:\/\/www.peterfasching.com\/wordpress\/wp-content\/uploads\/2019\/07\/H06A8458-als-Smartobjekt-1-1-200x300.jpg 200w, https:\/\/www.peterfasching.com\/wordpress\/wp-content\/uploads\/2019\/07\/H06A8458-als-Smartobjekt-1-1-768x1152.jpg 768w, https:\/\/www.peterfasching.com\/wordpress\/wp-content\/uploads\/2019\/07\/H06A8458-als-Smartobjekt-1-1-600x900.jpg 600w\" sizes=\"auto, (max-width: 683px) 100vw, 683px\" \/><\/figure><\/li><li class=\"blocks-gallery-item\"><figure><img loading=\"lazy\" decoding=\"async\" width=\"683\" height=\"1024\" src=\"https:\/\/www.peterfasching.com\/wordpress\/wp-content\/uploads\/2019\/07\/H06A8470-als-Smartobjekt-1-1-683x1024.jpg\" alt=\"\" data-id=\"5354\" data-link=\"https:\/\/www.peterfasching.com\/wordpress\/bewerbungsfotos\/h06a8470-als-smartobjekt-1-1\/\" class=\"wp-image-5354\" srcset=\"https:\/\/www.peterfasching.com\/wordpress\/wp-content\/uploads\/2019\/07\/H06A8470-als-Smartobjekt-1-1-683x1024.jpg 683w, https:\/\/www.peterfasching.com\/wordpress\/wp-content\/uploads\/2019\/07\/H06A8470-als-Smartobjekt-1-1-200x300.jpg 200w, https:\/\/www.peterfasching.com\/wordpress\/wp-content\/uploads\/2019\/07\/H06A8470-als-Smartobjekt-1-1-768x1152.jpg 768w, https:\/\/www.peterfasching.com\/wordpress\/wp-content\/uploads\/2019\/07\/H06A8470-als-Smartobjekt-1-1-600x900.jpg 600w\" sizes=\"auto, (max-width: 683px) 100vw, 683px\" \/><\/figure><\/li><li class=\"blocks-gallery-item\"><figure><img loading=\"lazy\" decoding=\"async\" width=\"683\" height=\"1024\" src=\"https:\/\/www.peterfasching.com\/wordpress\/wp-content\/uploads\/2019\/07\/Lackner-Michael-1000261-170824-0044a-1-683x1024.jpg\" alt=\"\" data-id=\"5355\" data-link=\"https:\/\/www.peterfasching.com\/wordpress\/bewerbungsfotos\/lackner-michael-1000261-170824-0044a-1\/\" class=\"wp-image-5355\" srcset=\"https:\/\/www.peterfasching.com\/wordpress\/wp-content\/uploads\/2019\/07\/Lackner-Michael-1000261-170824-0044a-1-683x1024.jpg 683w, https:\/\/www.peterfasching.com\/wordpress\/wp-content\/uploads\/2019\/07\/Lackner-Michael-1000261-170824-0044a-1-200x300.jpg 200w, https:\/\/www.peterfasching.com\/wordpress\/wp-content\/uploads\/2019\/07\/Lackner-Michael-1000261-170824-0044a-1-768x1152.jpg 768w, https:\/\/www.peterfasching.com\/wordpress\/wp-content\/uploads\/2019\/07\/Lackner-Michael-1000261-170824-0044a-1-600x900.jpg 600w\" sizes=\"auto, (max-width: 683px) 100vw, 683px\" \/><\/figure><\/li><\/ul>\n\n\n\n<p>Gerne kommen wir zu Schulen und bieten das Bewerbungs &#8211; Fotoshooting vor Ort an. <\/p>\n","protected":false},"excerpt":{"rendered":"<p>Bewerbungsfotos sind essentiell bei der Vorstellung bei einem Unternehmen. Firmen legen viel Wert auf den ersten Eindruck und dazu geh\u00f6rt eine ordentliche Bewerbungsmappe mit Aussagekr\u00e4ftigen Fotos. Oftmals untersch\u00e4tzt, kommt es beim Bewerbungsfoto auf viele Kleinigkeiten an. Um nur ein Beispiel zu nennen: Der Aufnahmewinkel. Fotografiert man von zu weit unten, wirkt die abgebildete Person sehr dominant &#8211; eine passende Pose f\u00fcr eine Anstellung als Gesch\u00e4ftsf\u00fchrer, weniger aber f\u00fcr zB einen Junior Produktmanager. Auch der Hintergrund, der Gesichtsausdruck, die Pose und vieles mehr spielen eine wichtige Rolle. Hier ein paar Beispiele. Gerne kommen wir zu Schulen und bieten das Bewerbungs &#8211; Fotoshooting vor Ort an.<\/p>\n","protected":false},"author":1,"featured_media":0,"parent":0,"menu_order":0,"comment_status":"closed","ping_status":"closed","template":"","meta":{"footnotes":""},"class_list":["post-5337","page","type-page","status-publish","hentry"],"yoast_head":"<!-- This site is optimized with the Yoast SEO plugin v27.1.1 - https:\/\/yoast.com\/product\/yoast-seo-wordpress\/ -->\n<title>Bewerbungsfotos - Peter Fasching Photography<\/title>\n<meta name=\"description\" content=\"Peter Fasching photography, Fotografie, Akt, Fotograf, Portrait, Fotoshooting, Shooting, people, photographer, photograph, photography, fine art nude, portrait, photoshooting, shooting\" \/>\n<meta name=\"robots\" content=\"index, follow, max-snippet:-1, max-image-preview:large, max-video-preview:-1\" \/>\n<link rel=\"canonical\" href=\"https:\/\/www.peterfasching.com\/wordpress\/bewerbungsfotos\/\" \/>\n<meta property=\"og:locale\" content=\"de_DE\" \/>\n<meta property=\"og:type\" content=\"article\" \/>\n<meta property=\"og:title\" content=\"Bewerbungsfotos - Peter Fasching Photography\" \/>\n<meta property=\"og:description\" content=\"Peter Fasching photography, Fotografie, Akt, Fotograf, Portrait, Fotoshooting, Shooting, people, photographer, photograph, photography, fine art nude, portrait, photoshooting, shooting\" \/>\n<meta property=\"og:url\" content=\"https:\/\/www.peterfasching.com\/wordpress\/bewerbungsfotos\/\" \/>\n<meta property=\"og:site_name\" content=\"Peter Fasching Photography\" \/>\n<meta property=\"article:publisher\" content=\"https:\/\/www.facebook.com\/peterfaschingphotography\/\" \/>\n<meta property=\"article:modified_time\" content=\"2019-07-02T13:14:49+00:00\" \/>\n<meta property=\"og:image\" content=\"https:\/\/www.peterfasching.com\/wordpress\/wp-content\/uploads\/2019\/07\/H06A3144-als-Smartobjekt-1.jpg\" \/>\n<meta name=\"twitter:card\" content=\"summary_large_image\" \/>\n<meta name=\"twitter:site\" content=\"@Peter_Fasching\" \/>\n<meta name=\"twitter:label1\" content=\"Gesch\u00e4tzte Lesezeit\" \/>\n\t<meta name=\"twitter:data1\" content=\"1\u00a0Minute\" \/>\n<script type=\"application\/ld+json\" class=\"yoast-schema-graph\">{\"@context\":\"https:\/\/schema.org\",\"@graph\":[{\"@type\":\"WebPage\",\"@id\":\"https:\/\/www.peterfasching.com\/wordpress\/bewerbungsfotos\/\",\"url\":\"https:\/\/www.peterfasching.com\/wordpress\/bewerbungsfotos\/\",\"name\":\"Bewerbungsfotos - Peter Fasching Photography\",\"isPartOf\":{\"@id\":\"https:\/\/www.peterfasching.com\/wordpress\/#website\"},\"primaryImageOfPage\":{\"@id\":\"https:\/\/www.peterfasching.com\/wordpress\/bewerbungsfotos\/#primaryimage\"},\"image\":{\"@id\":\"https:\/\/www.peterfasching.com\/wordpress\/bewerbungsfotos\/#primaryimage\"},\"thumbnailUrl\":\"https:\/\/www.peterfasching.com\/wordpress\/wp-content\/uploads\/2019\/07\/H06A3144-als-Smartobjekt-1.jpg\",\"datePublished\":\"2019-07-02T12:40:08+00:00\",\"dateModified\":\"2019-07-02T13:14:49+00:00\",\"description\":\"Peter Fasching photography, Fotografie, Akt, Fotograf, Portrait, Fotoshooting, Shooting, people, photographer, photograph, photography, fine art nude, portrait, photoshooting, shooting\",\"breadcrumb\":{\"@id\":\"https:\/\/www.peterfasching.com\/wordpress\/bewerbungsfotos\/#breadcrumb\"},\"inLanguage\":\"de\",\"potentialAction\":[{\"@type\":\"ReadAction\",\"target\":[\"https:\/\/www.peterfasching.com\/wordpress\/bewerbungsfotos\/\"]}]},{\"@type\":\"ImageObject\",\"inLanguage\":\"de\",\"@id\":\"https:\/\/www.peterfasching.com\/wordpress\/bewerbungsfotos\/#primaryimage\",\"url\":\"https:\/\/www.peterfasching.com\/wordpress\/wp-content\/uploads\/2019\/07\/H06A3144-als-Smartobjekt-1.jpg\",\"contentUrl\":\"https:\/\/www.peterfasching.com\/wordpress\/wp-content\/uploads\/2019\/07\/H06A3144-als-Smartobjekt-1.jpg\",\"width\":184,\"height\":276},{\"@type\":\"BreadcrumbList\",\"@id\":\"https:\/\/www.peterfasching.com\/wordpress\/bewerbungsfotos\/#breadcrumb\",\"itemListElement\":[{\"@type\":\"ListItem\",\"position\":1,\"name\":\"Startseite\",\"item\":\"https:\/\/www.peterfasching.com\/wordpress\/\"},{\"@type\":\"ListItem\",\"position\":2,\"name\":\"Bewerbungsfotos\"}]},{\"@type\":\"WebSite\",\"@id\":\"https:\/\/www.peterfasching.com\/wordpress\/#website\",\"url\":\"https:\/\/www.peterfasching.com\/wordpress\/\",\"name\":\"Peter Fasching Photography\",\"description\":\"More than photography. We create memories.\",\"publisher\":{\"@id\":\"https:\/\/www.peterfasching.com\/wordpress\/#organization\"},\"potentialAction\":[{\"@type\":\"SearchAction\",\"target\":{\"@type\":\"EntryPoint\",\"urlTemplate\":\"https:\/\/www.peterfasching.com\/wordpress\/?s={search_term_string}\"},\"query-input\":{\"@type\":\"PropertyValueSpecification\",\"valueRequired\":true,\"valueName\":\"search_term_string\"}}],\"inLanguage\":\"de\"},{\"@type\":\"Organization\",\"@id\":\"https:\/\/www.peterfasching.com\/wordpress\/#organization\",\"name\":\"Peter Fasching Photography\",\"url\":\"https:\/\/www.peterfasching.com\/wordpress\/\",\"logo\":{\"@type\":\"ImageObject\",\"inLanguage\":\"de\",\"@id\":\"https:\/\/www.peterfasching.com\/wordpress\/#\/schema\/logo\/image\/\",\"url\":\"https:\/\/www.peterfasching.com\/wordpress\/wp-content\/uploads\/2017\/06\/logo-mit-gesicht-Kopie-Kopie.png\",\"contentUrl\":\"https:\/\/www.peterfasching.com\/wordpress\/wp-content\/uploads\/2017\/06\/logo-mit-gesicht-Kopie-Kopie.png\",\"width\":367,\"height\":367,\"caption\":\"Peter Fasching Photography\"},\"image\":{\"@id\":\"https:\/\/www.peterfasching.com\/wordpress\/#\/schema\/logo\/image\/\"},\"sameAs\":[\"https:\/\/www.facebook.com\/peterfaschingphotography\/\",\"https:\/\/x.com\/Peter_Fasching\",\"https:\/\/www.instagram.com\/peter.fasching_photography\/\",\"https:\/\/www.youtube.com\/channel\/UCNoJYd82Kvlk7T1ivttbXrA\"]}]}<\/script>\n<!-- \/ Yoast SEO plugin. -->","yoast_head_json":{"title":"Bewerbungsfotos - Peter Fasching Photography","description":"Peter Fasching photography, Fotografie, Akt, Fotograf, Portrait, Fotoshooting, Shooting, people, photographer, photograph, photography, fine art nude, portrait, photoshooting, shooting","robots":{"index":"index","follow":"follow","max-snippet":"max-snippet:-1","max-image-preview":"max-image-preview:large","max-video-preview":"max-video-preview:-1"},"canonical":"https:\/\/www.peterfasching.com\/wordpress\/bewerbungsfotos\/","og_locale":"de_DE","og_type":"article","og_title":"Bewerbungsfotos - Peter Fasching Photography","og_description":"Peter Fasching photography, Fotografie, Akt, Fotograf, Portrait, Fotoshooting, Shooting, people, photographer, photograph, photography, fine art nude, portrait, photoshooting, shooting","og_url":"https:\/\/www.peterfasching.com\/wordpress\/bewerbungsfotos\/","og_site_name":"Peter Fasching Photography","article_publisher":"https:\/\/www.facebook.com\/peterfaschingphotography\/","article_modified_time":"2019-07-02T13:14:49+00:00","og_image":[{"url":"https:\/\/www.peterfasching.com\/wordpress\/wp-content\/uploads\/2019\/07\/H06A3144-als-Smartobjekt-1.jpg","type":"","width":"","height":""}],"twitter_card":"summary_large_image","twitter_site":"@Peter_Fasching","twitter_misc":{"Gesch\u00e4tzte Lesezeit":"1\u00a0Minute"},"schema":{"@context":"https:\/\/schema.org","@graph":[{"@type":"WebPage","@id":"https:\/\/www.peterfasching.com\/wordpress\/bewerbungsfotos\/","url":"https:\/\/www.peterfasching.com\/wordpress\/bewerbungsfotos\/","name":"Bewerbungsfotos - Peter Fasching Photography","isPartOf":{"@id":"https:\/\/www.peterfasching.com\/wordpress\/#website"},"primaryImageOfPage":{"@id":"https:\/\/www.peterfasching.com\/wordpress\/bewerbungsfotos\/#primaryimage"},"image":{"@id":"https:\/\/www.peterfasching.com\/wordpress\/bewerbungsfotos\/#primaryimage"},"thumbnailUrl":"https:\/\/www.peterfasching.com\/wordpress\/wp-content\/uploads\/2019\/07\/H06A3144-als-Smartobjekt-1.jpg","datePublished":"2019-07-02T12:40:08+00:00","dateModified":"2019-07-02T13:14:49+00:00","description":"Peter Fasching photography, Fotografie, Akt, Fotograf, Portrait, Fotoshooting, Shooting, people, photographer, photograph, photography, fine art nude, portrait, photoshooting, shooting","breadcrumb":{"@id":"https:\/\/www.peterfasching.com\/wordpress\/bewerbungsfotos\/#breadcrumb"},"inLanguage":"de","potentialAction":[{"@type":"ReadAction","target":["https:\/\/www.peterfasching.com\/wordpress\/bewerbungsfotos\/"]}]},{"@type":"ImageObject","inLanguage":"de","@id":"https:\/\/www.peterfasching.com\/wordpress\/bewerbungsfotos\/#primaryimage","url":"https:\/\/www.peterfasching.com\/wordpress\/wp-content\/uploads\/2019\/07\/H06A3144-als-Smartobjekt-1.jpg","contentUrl":"https:\/\/www.peterfasching.com\/wordpress\/wp-content\/uploads\/2019\/07\/H06A3144-als-Smartobjekt-1.jpg","width":184,"height":276},{"@type":"BreadcrumbList","@id":"https:\/\/www.peterfasching.com\/wordpress\/bewerbungsfotos\/#breadcrumb","itemListElement":[{"@type":"ListItem","position":1,"name":"Startseite","item":"https:\/\/www.peterfasching.com\/wordpress\/"},{"@type":"ListItem","position":2,"name":"Bewerbungsfotos"}]},{"@type":"WebSite","@id":"https:\/\/www.peterfasching.com\/wordpress\/#website","url":"https:\/\/www.peterfasching.com\/wordpress\/","name":"Peter Fasching Photography","description":"More than photography. We create memories.","publisher":{"@id":"https:\/\/www.peterfasching.com\/wordpress\/#organization"},"potentialAction":[{"@type":"SearchAction","target":{"@type":"EntryPoint","urlTemplate":"https:\/\/www.peterfasching.com\/wordpress\/?s={search_term_string}"},"query-input":{"@type":"PropertyValueSpecification","valueRequired":true,"valueName":"search_term_string"}}],"inLanguage":"de"},{"@type":"Organization","@id":"https:\/\/www.peterfasching.com\/wordpress\/#organization","name":"Peter Fasching Photography","url":"https:\/\/www.peterfasching.com\/wordpress\/","logo":{"@type":"ImageObject","inLanguage":"de","@id":"https:\/\/www.peterfasching.com\/wordpress\/#\/schema\/logo\/image\/","url":"https:\/\/www.peterfasching.com\/wordpress\/wp-content\/uploads\/2017\/06\/logo-mit-gesicht-Kopie-Kopie.png","contentUrl":"https:\/\/www.peterfasching.com\/wordpress\/wp-content\/uploads\/2017\/06\/logo-mit-gesicht-Kopie-Kopie.png","width":367,"height":367,"caption":"Peter Fasching Photography"},"image":{"@id":"https:\/\/www.peterfasching.com\/wordpress\/#\/schema\/logo\/image\/"},"sameAs":["https:\/\/www.facebook.com\/peterfaschingphotography\/","https:\/\/x.com\/Peter_Fasching","https:\/\/www.instagram.com\/peter.fasching_photography\/","https:\/\/www.youtube.com\/channel\/UCNoJYd82Kvlk7T1ivttbXrA"]}]}},"_links":{"self":[{"href":"https:\/\/www.peterfasching.com\/wordpress\/wp-json\/wp\/v2\/pages\/5337","targetHints":{"allow":["GET"]}}],"collection":[{"href":"https:\/\/www.peterfasching.com\/wordpress\/wp-json\/wp\/v2\/pages"}],"about":[{"href":"https:\/\/www.peterfasching.com\/wordpress\/wp-json\/wp\/v2\/types\/page"}],"author":[{"embeddable":true,"href":"https:\/\/www.peterfasching.com\/wordpress\/wp-json\/wp\/v2\/users\/1"}],"replies":[{"embeddable":true,"href":"https:\/\/www.peterfasching.com\/wordpress\/wp-json\/wp\/v2\/comments?post=5337"}],"version-history":[{"count":0,"href":"https:\/\/www.peterfasching.com\/wordpress\/wp-json\/wp\/v2\/pages\/5337\/revisions"}],"wp:attachment":[{"href":"https:\/\/www.peterfasching.com\/wordpress\/wp-json\/wp\/v2\/media?parent=5337"}],"curies":[{"name":"wp","href":"https:\/\/api.w.org\/{rel}","templated":true}]}}